{"id":45,"date":"2014-10-15T12:22:28","date_gmt":"2014-10-15T12:22:28","guid":{"rendered":"http:\/\/megarentall.com.br\/?page_id=45"},"modified":"2014-11-03T19:34:34","modified_gmt":"2014-11-03T19:34:34","slug":"eventos","status":"publish","type":"page","link":"https:\/\/megarentall.com.br\/index.php\/eventos\/","title":{"rendered":"Eventos"},"content":{"rendered":"<p><img loading=\"lazy\" decoding=\"async\" class=\"alignnone size-full wp-image-132\" alt=\"TIT-PNG_EVENTOS\" src=\"http:\/\/megarentall.com.br\/wp-content\/uploads\/2014\/10\/TIT-PNG_EVENTOS.png\" width=\"930\" height=\"104\" srcset=\"https:\/\/megarentall.com.br\/wp-content\/uploads\/2014\/10\/TIT-PNG_EVENTOS.png 930w, https:\/\/megarentall.com.br\/wp-content\/uploads\/2014\/10\/TIT-PNG_EVENTOS-300x33.png 300w, https:\/\/megarentall.com.br\/wp-content\/uploads\/2014\/10\/TIT-PNG_EVENTOS-250x27.png 250w, https:\/\/megarentall.com.br\/wp-content\/uploads\/2014\/10\/TIT-PNG_EVENTOS-150x16.png 150w\" sizes=\"(max-width: 930px) 100vw, 930px\" \/><\/p>\n<p style=\"text-align: justify;\"><em><strong>O melhor para seu Evento<\/strong><\/em><\/p>\n<p style=\"text-align: justify;\">Seja um evento corporativo ou social, t\u00e9cnico ou promocional, estaremos sempre comprometidos para que ele seja impec\u00e1vel.<\/p>\n<p>\u00c1rea que atuamos:<\/p>\n<ul>\n<li>Planejamento e organiza\u00e7\u00e3o de eventos;<\/li>\n<li>Administra\u00e7\u00e3o de mailing list;<\/li>\n<li>Projeto arquitet\u00f4nico, cenografia, decora\u00e7\u00e3o e paisagismo;<\/li>\n<li>Sugest\u00e3o, cota\u00e7\u00e3o, negocia\u00e7\u00e3o e contrata\u00e7\u00e3o de fornecedores;<\/li>\n<li>Indica\u00e7\u00e3o de espa\u00e7os para eventos;<\/li>\n<li>Comunica\u00e7\u00e3o visual, Sonoriza\u00e7\u00e3o, Ilumina\u00e7\u00e3o, DJ;<\/li>\n<li>Fotografia e filmagem;<\/li>\n<li>Tradu\u00e7\u00e3o simult\u00e2nea;<\/li>\n<li>Brindes e atra\u00e7\u00f5es;<\/li>\n<li>Alimentos e bebidas;<\/li>\n<li>Suporte log\u00edstico ao evento;<\/li>\n<li>Convites, R.S.V.P (ativo e passivo) e material gr\u00e1fico;<\/li>\n<li>Cerimonial e protocolo;<\/li>\n<li>Recepcionistas;<\/li>\n<li>Secretaria executiva;<\/li>\n<li>Controle de acesso;<\/li>\n<li>Relat\u00f3rio de fechamento.<\/li>\n<\/ul>\n<p><em><strong>FOTOS ILUSTRATIVAS<\/strong><\/em><\/p>\n<p><img loading=\"lazy\" decoding=\"async\" class=\"aligncenter size-full wp-image-191\" alt=\"_FIG_EVENTOS_03\" src=\"http:\/\/megarentall.com.br\/wp-content\/uploads\/2014\/10\/FIG_EVENTOS_03.jpg\" width=\"920\" height=\"309\" srcset=\"https:\/\/megarentall.com.br\/wp-content\/uploads\/2014\/10\/FIG_EVENTOS_03.jpg 920w, https:\/\/megarentall.com.br\/wp-content\/uploads\/2014\/10\/FIG_EVENTOS_03-300x100.jpg 300w, https:\/\/megarentall.com.br\/wp-content\/uploads\/2014\/10\/FIG_EVENTOS_03-250x83.jpg 250w, https:\/\/megarentall.com.br\/wp-content\/uploads\/2014\/10\/FIG_EVENTOS_03-150x50.jpg 150w\" sizes=\"(max-width: 920px) 100vw, 920px\" \/><\/p>\n<p><img loading=\"lazy\" decoding=\"async\" class=\"aligncenter size-full wp-image-192\" alt=\"_FIG_EVENTOS_04\" src=\"http:\/\/megarentall.com.br\/wp-content\/uploads\/2014\/10\/FIG_EVENTOS_04.jpg\" width=\"920\" height=\"309\" srcset=\"https:\/\/megarentall.com.br\/wp-content\/uploads\/2014\/10\/FIG_EVENTOS_04.jpg 920w, https:\/\/megarentall.com.br\/wp-content\/uploads\/2014\/10\/FIG_EVENTOS_04-300x100.jpg 300w, https:\/\/megarentall.com.br\/wp-content\/uploads\/2014\/10\/FIG_EVENTOS_04-250x83.jpg 250w, https:\/\/megarentall.com.br\/wp-content\/uploads\/2014\/10\/FIG_EVENTOS_04-150x50.jpg 150w\" sizes=\"(max-width: 920px) 100vw, 920px\" \/><\/p>\n<p><img loading=\"lazy\" decoding=\"async\" class=\"aligncenter size-full wp-image-193\" alt=\"_FIG_EVENTOS_01\" src=\"http:\/\/megarentall.com.br\/wp-content\/uploads\/2014\/10\/FIG_EVENTOS_01.jpg\" width=\"920\" height=\"309\" srcset=\"https:\/\/megarentall.com.br\/wp-content\/uploads\/2014\/10\/FIG_EVENTOS_01.jpg 920w, https:\/\/megarentall.com.br\/wp-content\/uploads\/2014\/10\/FIG_EVENTOS_01-300x100.jpg 300w, https:\/\/megarentall.com.br\/wp-content\/uploads\/2014\/10\/FIG_EVENTOS_01-250x83.jpg 250w, https:\/\/megarentall.com.br\/wp-content\/uploads\/2014\/10\/FIG_EVENTOS_01-150x50.jpg 150w\" sizes=\"(max-width: 920px) 100vw, 920px\" \/><\/p>\n<p><img loading=\"lazy\" decoding=\"async\" class=\"aligncenter size-full wp-image-194\" alt=\"_FIG_EVENTOS_02\" src=\"http:\/\/megarentall.com.br\/wp-content\/uploads\/2014\/10\/FIG_EVENTOS_02.jpg\" width=\"920\" height=\"309\" srcset=\"https:\/\/megarentall.com.br\/wp-content\/uploads\/2014\/10\/FIG_EVENTOS_02.jpg 920w, https:\/\/megarentall.com.br\/wp-content\/uploads\/2014\/10\/FIG_EVENTOS_02-300x100.jpg 300w, https:\/\/megarentall.com.br\/wp-content\/uploads\/2014\/10\/FIG_EVENTOS_02-250x83.jpg 250w, https:\/\/megarentall.com.br\/wp-content\/uploads\/2014\/10\/FIG_EVENTOS_02-150x50.jpg 150w\" sizes=\"(max-width: 920px) 100vw, 920px\" \/><\/p>\n<p>&nbsp;<\/p>\n","protected":false},"excerpt":{"rendered":"<p>O melhor para seu Evento Seja um evento corporativo ou social, t\u00e9cnico ou promocional, estaremos sempre comprometidos para que ele seja impec\u00e1vel. \u00c1rea que atuamos: Planejamento e organiza\u00e7\u00e3o de eventos; Administra\u00e7\u00e3o de mailing list; Projeto arquitet\u00f4nico, cenografia, decora\u00e7\u00e3o e paisagismo; Sugest\u00e3o, cota\u00e7\u00e3o, negocia\u00e7\u00e3o e contrata\u00e7\u00e3o de fornecedores; Indica\u00e7\u00e3o de espa\u00e7os \u2026 <a href=\"https:\/\/megarentall.com.br\/index.php\/eventos\/\"> Continue reading <span class=\"meta-nav\">&rarr; <\/span><\/a><\/p>\n","protected":false},"author":1,"featured_media":0,"parent":0,"menu_order":20,"comment_status":"closed","ping_status":"closed","template":"template-onecolumn.php","meta":{"footnotes":""},"_links":{"self":[{"href":"https:\/\/megarentall.com.br\/index.php\/wp-json\/wp\/v2\/pages\/45"}],"collection":[{"href":"https:\/\/megarentall.com.br\/index.php\/wp-json\/wp\/v2\/pages"}],"about":[{"href":"https:\/\/megarentall.com.br\/index.php\/wp-json\/wp\/v2\/types\/page"}],"author":[{"embeddable":true,"href":"https:\/\/megarentall.com.br\/index.php\/wp-json\/wp\/v2\/users\/1"}],"replies":[{"embeddable":true,"href":"https:\/\/megarentall.com.br\/index.php\/wp-json\/wp\/v2\/comments?post=45"}],"version-history":[{"count":4,"href":"https:\/\/megarentall.com.br\/index.php\/wp-json\/wp\/v2\/pages\/45\/revisions"}],"predecessor-version":[{"id":195,"href":"https:\/\/megarentall.com.br\/index.php\/wp-json\/wp\/v2\/pages\/45\/revisions\/195"}],"wp:attachment":[{"href":"https:\/\/megarentall.com.br\/index.php\/wp-json\/wp\/v2\/media?parent=45"}],"curies":[{"name":"wp","href":"https:\/\/api.w.org\/{rel}","templated":true}]}}