{"id":41,"date":"2014-10-15T12:21:45","date_gmt":"2014-10-15T12:21:45","guid":{"rendered":"http:\/\/megarentall.com.br\/?page_id=41"},"modified":"2014-11-03T16:58:19","modified_gmt":"2014-11-03T16:58:19","slug":"iluminacao","status":"publish","type":"page","link":"https:\/\/megarentall.com.br\/index.php\/iluminacao\/","title":{"rendered":"Ilumina\u00e7\u00e3o"},"content":{"rendered":"<p><img loading=\"lazy\" decoding=\"async\" class=\"alignnone size-full wp-image-128\" alt=\"TIT-PNG_ILUMINACAO\" src=\"http:\/\/megarentall.com.br\/wp-content\/uploads\/2014\/10\/TIT-PNG_ILUMINACAO.png\" width=\"930\" height=\"104\" srcset=\"https:\/\/megarentall.com.br\/wp-content\/uploads\/2014\/10\/TIT-PNG_ILUMINACAO.png 930w, https:\/\/megarentall.com.br\/wp-content\/uploads\/2014\/10\/TIT-PNG_ILUMINACAO-300x33.png 300w, https:\/\/megarentall.com.br\/wp-content\/uploads\/2014\/10\/TIT-PNG_ILUMINACAO-250x27.png 250w, https:\/\/megarentall.com.br\/wp-content\/uploads\/2014\/10\/TIT-PNG_ILUMINACAO-150x16.png 150w\" sizes=\"(max-width: 930px) 100vw, 930px\" \/><\/p>\n<p style=\"text-align: justify;\"><strong><em>Por que iluminar Monumentos ou Fachadas?<\/em><\/strong><\/p>\n<p style=\"text-align: justify;\">A ilumina\u00e7\u00e3o de monumentos ou fachadas tem a finalidade de chamar a aten\u00e7\u00e3o para a fachada de uma edifica\u00e7\u00e3o ou monumento, criando uma impress\u00e3o agrad\u00e1vel aos cidad\u00e3os.<br \/>\nPr\u00e9dios oficiais, templos religiosos, monumentos e constru\u00e7\u00f5es hist\u00f3ricas, geralmente s\u00e3o iluminados como express\u00e3o de orgulho c\u00edvico. Tamb\u00e9m o aspecto de propaganda se faz muitas vezes presente, divulgando a marca iluminada ou tendo como finalidade atrair novos neg\u00f3cios para a comunidade e ainda servindo como atra\u00e7\u00e3o tur\u00edstica<\/p>\n<p><strong><em>Arte e Tecnologia<\/em><\/strong><\/p>\n<p style=\"text-align: justify;\">Uma das tarefas do projetista da ilumina\u00e7\u00e3o \u00e9 a de decidir quais caracter\u00edsticas do pr\u00e9dio s\u00e3o mais atraentes e assim desenvolver o projeto buscando real\u00e7ar essas caracter\u00edsticas. A correta t\u00e9cnica de se iluminar uma fachada n\u00e3o se encontra somente baseada em princ\u00edpios de engenharia de ilumina\u00e7\u00e3o, \u00e9 tamb\u00e9m necess\u00e1ria uma compreens\u00e3o a respeito dos valores est\u00e9ticos da arquitetura do local.<\/p>\n<p style=\"text-align: justify;\"><strong><em>FOTOS ILUSTRATIVAS<\/em><\/strong><\/p>\n<p style=\"text-align: justify;\"><img loading=\"lazy\" decoding=\"async\" class=\"aligncenter size-full wp-image-178\" alt=\"_FIG_ILUMINA_01\" src=\"http:\/\/megarentall.com.br\/wp-content\/uploads\/2014\/10\/FIG_ILUMINA_01.jpg\" width=\"920\" height=\"309\" srcset=\"https:\/\/megarentall.com.br\/wp-content\/uploads\/2014\/10\/FIG_ILUMINA_01.jpg 920w, https:\/\/megarentall.com.br\/wp-content\/uploads\/2014\/10\/FIG_ILUMINA_01-300x100.jpg 300w, https:\/\/megarentall.com.br\/wp-content\/uploads\/2014\/10\/FIG_ILUMINA_01-250x83.jpg 250w, https:\/\/megarentall.com.br\/wp-content\/uploads\/2014\/10\/FIG_ILUMINA_01-150x50.jpg 150w\" sizes=\"(max-width: 920px) 100vw, 920px\" \/><\/p>\n<p style=\"text-align: justify;\"><img loading=\"lazy\" decoding=\"async\" class=\"aligncenter size-full wp-image-179\" alt=\"_FIG_ILUMINA_02\" src=\"http:\/\/megarentall.com.br\/wp-content\/uploads\/2014\/10\/FIG_ILUMINA_02.jpg\" width=\"920\" height=\"309\" srcset=\"https:\/\/megarentall.com.br\/wp-content\/uploads\/2014\/10\/FIG_ILUMINA_02.jpg 920w, https:\/\/megarentall.com.br\/wp-content\/uploads\/2014\/10\/FIG_ILUMINA_02-300x100.jpg 300w, https:\/\/megarentall.com.br\/wp-content\/uploads\/2014\/10\/FIG_ILUMINA_02-250x83.jpg 250w, https:\/\/megarentall.com.br\/wp-content\/uploads\/2014\/10\/FIG_ILUMINA_02-150x50.jpg 150w\" sizes=\"(max-width: 920px) 100vw, 920px\" \/><\/p>\n<p style=\"text-align: justify;\"><img loading=\"lazy\" decoding=\"async\" class=\"aligncenter size-full wp-image-180\" alt=\"_FIG_ILUMINA_03\" src=\"http:\/\/megarentall.com.br\/wp-content\/uploads\/2014\/10\/FIG_ILUMINA_03.jpg\" width=\"920\" height=\"309\" srcset=\"https:\/\/megarentall.com.br\/wp-content\/uploads\/2014\/10\/FIG_ILUMINA_03.jpg 920w, https:\/\/megarentall.com.br\/wp-content\/uploads\/2014\/10\/FIG_ILUMINA_03-300x100.jpg 300w, https:\/\/megarentall.com.br\/wp-content\/uploads\/2014\/10\/FIG_ILUMINA_03-250x83.jpg 250w, https:\/\/megarentall.com.br\/wp-content\/uploads\/2014\/10\/FIG_ILUMINA_03-150x50.jpg 150w\" sizes=\"(max-width: 920px) 100vw, 920px\" \/><\/p>\n","protected":false},"excerpt":{"rendered":"<p>Por que iluminar Monumentos ou Fachadas? A ilumina\u00e7\u00e3o de monumentos ou fachadas tem a finalidade de chamar a aten\u00e7\u00e3o para a fachada de uma edifica\u00e7\u00e3o ou monumento, criando uma impress\u00e3o agrad\u00e1vel aos cidad\u00e3os. Pr\u00e9dios oficiais, templos religiosos, monumentos e constru\u00e7\u00f5es hist\u00f3ricas, geralmente s\u00e3o iluminados como express\u00e3o de orgulho c\u00edvico. Tamb\u00e9m \u2026 <a href=\"https:\/\/megarentall.com.br\/index.php\/iluminacao\/\"> Continue reading <span class=\"meta-nav\">&rarr; <\/span><\/a><\/p>\n","protected":false},"author":1,"featured_media":0,"parent":0,"menu_order":14,"comment_status":"closed","ping_status":"closed","template":"template-onecolumn.php","meta":{"footnotes":""},"_links":{"self":[{"href":"https:\/\/megarentall.com.br\/index.php\/wp-json\/wp\/v2\/pages\/41"}],"collection":[{"href":"https:\/\/megarentall.com.br\/index.php\/wp-json\/wp\/v2\/pages"}],"about":[{"href":"https:\/\/megarentall.com.br\/index.php\/wp-json\/wp\/v2\/types\/page"}],"author":[{"embeddable":true,"href":"https:\/\/megarentall.com.br\/index.php\/wp-json\/wp\/v2\/users\/1"}],"replies":[{"embeddable":true,"href":"https:\/\/megarentall.com.br\/index.php\/wp-json\/wp\/v2\/comments?post=41"}],"version-history":[{"count":4,"href":"https:\/\/megarentall.com.br\/index.php\/wp-json\/wp\/v2\/pages\/41\/revisions"}],"predecessor-version":[{"id":177,"href":"https:\/\/megarentall.com.br\/index.php\/wp-json\/wp\/v2\/pages\/41\/revisions\/177"}],"wp:attachment":[{"href":"https:\/\/megarentall.com.br\/index.php\/wp-json\/wp\/v2\/media?parent=41"}],"curies":[{"name":"wp","href":"https:\/\/api.w.org\/{rel}","templated":true}]}}